digit of b?
4
Suppose 9*i = 15 + 12. Suppose -i*b + 386 = 2*b - 4*m, 0 = 5*b + 4*m - 354. What is the units digit of b?
4
Suppose r + 6*r = 4*r. Suppose r = -9*i + 19*i - 2180. What is the tens digit of i?
1
Let f(v) = -v**2 + 6*v - 1. Let s be f(6). Suppose 3*j - 4*i = -0*j + 58, -5*i = 5. What is the units digit of (-4 - s) + j/2?
6
Suppose 0 = 6*v - 11139 + 465. What is the hundreds digit of v?
7
Suppose 3*d - 9 = 0, -d = -w - 3*w + 17. What is the tens digit of (1 + -2 + w)/(6/141)?
9
Let t(p) = 3*p**2 + 29*p - 136. What is the units digit of t(7)?
4
Suppose -2*u - o = -4*o - 53, 2*u + 4*o = 60. Let q = 51 - u. What is the units digit of q?
3
Let r = -29 - -18. Let z = r + 15. What is the units digit of ((-106)/z)/(3/(-6))?
3
Let g(p) = 5*p**3 - 5*p**2 + 9*p - 8. Let c be g(5). What is the tens digit of (-6)/12 + c/6?
8
Suppose 6*o = 559 + 89. What is the units digit of o?
8
Suppose -16 = 8*j - 4*j. Let y be 7*1 - (-8)/j. Suppose 2*i + 5*z - 29 = 0, -y*i + 54 = -2*i + 4*z. What is the units digit of i?
2
Suppose 8 = n + 5. Suppose -4*h = -2*g + 90, 3*g - 2*h - n*h = 133. What is the tens digit of g?
4
Let d = -360 + 2591. What is the hundreds digit of d?
2
Let i(w) = -w**2 - 20*w + 18. Let x be i(-21). What is the tens digit of ((-3)/(-6))/(x/(17*-12))?
3
Suppose -2*l - 2*z + 34 = 0, l + 79 = 6*l - z. What is the tens digit of (-747)/(-12) + (-4)/l?
6
Suppose -3*m - 71 = -2*w, -2*w + 4*m = -5*w + 64. Let q = w + -25. Suppose -5*c + 285 = 5*u, 3*u + q = 4*u. What is the tens digit of c?
5
Let o(c) = -c**2 - 16*c + 23. Let j be o(-17). Suppose j*y + 139 - 781 = 0. What is the units digit of y?
7
Suppose -5*c + 2 = -3*n + 76, -n - 4*c = -19. Let d = n + -20. Suppose -3*o = -0*o - d*f - 126, -2*f = o - 45. What is the units digit of o?
3
Let v be (2 - -6) + -6 + 2. Suppose 0 = 4*x - 4 - v, -s + 2*x = -25. What is the units digit of s?
9
Let m(f) = -36 - 4*f + 3*f + f**2 + 109. Let y = -460 - -460. What is the tens digit of m(y)?
7
Suppose 0 = 4*l + 5 - 301. Suppose 3*r + 0*n + 4*n - l = 0, -5*n + 54 = 2*r. What is the units digit of r?
2
Suppose 5 = l - 0. Suppose 5*y + 0 = 3*t + 9, -2*t = l*y + 6. Let n(v) = 3*v**2 - 2*v + 4. What is the units digit of n(t)?
7
Let x(i) = 8*i**2 + 3. Let l be x(-3). Let p be (8/14)/(1 - (-60)/(-70)). Suppose -p*g + l = g. What is the tens digit of g?
1
Suppose -2952 = 4*p - 22*p. What is the tens digit of p?
6
Suppose 12*x = 13*x - 2. Suppose 4*h + 17 = -5*s, x*h = -s - 4*s - 21. What is the units digit of h - 4 - (-33)/1?
1
Let z(k) = 1077*k**2 + 2. What is the hundreds digit of z(1)?
0
Let v(z) = 11*z**3 - 5*z + 4. Let t be v(3). Suppose l + 56 = y, -8*y + 3*y = -3*l - t. What is the tens digit of y?
5
Suppose -5*j + 58 = -302. What is the tens digit of j?
7
What is the hundreds digit of (-298539)/(-63) - 2/(-7)?
7
Let j(d) = -112*d - 6. Suppose 10*g + 6 = 4*g. What is the units digit of j(g)?
6
Let c be 1248/91 + (-2)/(-7). Suppose -c = -2*o + 46. What is the tens digit of o?
3
Suppose t = 4*t + 282. Let f = -61 - t. Suppose 2*y - u - f = 0, 13 = 2*y + 4*u - 5. What is the tens digit of y?
1
Let c be (-12222)/153 - (-2)/(-17). Let u be -60*(c/25 + 0). Suppose 0 = -3*n - 0*n + u. What is the tens digit of n?
6
What is the units digit of (7 - -1578) + (1 - 4)?
2
Let n = -44 - -21. What is the units digit of n*(-2 + 1 + -2)?
9
Let j be -5*(231/(-5) + (-6)/2). Suppose -5*p + 489 = -j. What is the hundreds digit of p?
1
Let o = -1537 - -2144. What is the tens digit of o?
0
Let r(j) = j**2 - j + 1. Let p be r(2). Suppose -474 = -3*q + p. What is the hundreds digit of q?
1
Let d = -156 - -285. What is the hundreds digit of d - ((-3 - -7) + -2)?
1
Let u(p) = -p**2 - 21*p + 13. Let j be u(-21). Suppose 12*t - j*t = -50. What is the tens digit of t?
5
Let p be 22*(220/8 + -5). Let f = 742 - p. What is the hundreds digit of f?
2
Suppose -209*k = -214*k + 4385. What is the hundreds digit of k?
8
What is the units digit of (-6 - -3)*282/45*-145?
6
Let x = -41 - -216. What is the units digit of x?
5
Suppose -f = 3*f + 40. Let x = f + 6. What is the units digit of x*((-186)/(-8))/(-3)?
1
Let l = 0 - -4. Let y(s) = s**2 - 4*s - 7. Let k be y(l). What is the units digit of (8/k)/(4/(-14))?
4
Let z(f) = 5*f**2 - 4*f + 4. Let w be z(1). Suppose 0 = -w*j - 5*h, -h + 14 = 4*j - 4*h. What is the units digit of j?
2
Suppose -2*g - 270 = 3*g. Let z be (-36)/15*200/(-6). Let n = g + z. What is the units digit of n?
6
Let v be (-1)/((-2)/(85 - -1)). Let h = 152 + -175. Let i = v + h. What is the units digit of i?
0
Suppose j + 0 = -6. What is the units digit of (-3)/(-9) - 124/j?
1
Suppose 3*l = l. Suppose l = 20*r - 18*r + 6. What is the units digit of (3 + -6)/r*13?
3
Suppose -5*w = -28*w + 5428. What is the hundreds digit of w?
2
Let c = 42 - 22. Suppose -2*d + 3*j + 12 = 0, -2*d = 5*j - 12 - 0. What is the units digit of d*c/8 + -2?
3
Let t = 305 + -95. What is the tens digit of ((-3)/(-3))/(3/t)?
7
Let s = -5 - -1. Suppose 2*q = b + 20, -22 - 6 = -q + 5*b. Let u = s + q. What is the units digit of u?
4
Suppose -708 = -3*g - 3*d, -6*g - d + 1176 = -g. What is the hundreds digit of g?
2
Suppose -h + 12 = -3*h - 2*z, 0 = -4*h - 5*z - 24. Let x be (1*-4)/(3/h). What is the units digit of (x - -1) + -3 + 2?
8
Let r(h) = -4*h - 3. Suppose 3*c - 12 = -3, c = -4*z - 9. Let d be r(z). What is the units digit of (1 - 0)*(d - -3)?
2
Let i = 417 + -681. What is the tens digit of i/(-4) + 3/(-3)?
6
Suppose 10 = 8*i - 3*i. What is the units digit of i/(-10) + (8220/(-25))/(-4)?
2
Suppose 5*f - 5*g + 129 = -71, -79 = 2*f - 3*g. What is the tens digit of (-18)/(-10)*(86 + f)?
8
Suppose 0*i + 20 = -5*i. What is the hundreds digit of 109 + -3*i/(-12)?
1
Suppose 3*i - 40 = -i. Let t(g) = g**2 - 9*g + 8. Let h be t(i). Let w = 28 - h. What is the tens digit of w?
1
What is the units digit of (0 - 7)/(-21) - 1328/(-3)?
3
Suppose 3*q - 4*q = 7. Let x be (0 - (4 - 3))*-6 - 1. What is the units digit of (-4)/3*(q - x)?
6
Suppose 7 = 4*k - 13. Suppose 3*y + k*i - 78 = 172, 2*i = -y + 85. Suppose v = -2*v - 3*f + y, v - 2*f = 28. What is the tens digit of v?
2
What is the tens digit of (-6)/(-14) - 3735579/(-1043)?
8
What is the hundreds digit of (387/12)/(12/1952)?
2
Let a(n) = -n**3 + 5*n**2 - 2*n - 7. Let i be a(3). What is the tens digit of 162/10 + 1*(-1)/i?
1
Suppose 5*y - 4*a + 35 = 0, -3 + 4 = 3*y + 2*a. What is the units digit of -4*(260/(-8) - y)?
8
Let m(v) = -3*v**2 - 14*v + 15. Let c(a) = a**2 + 5*a - 5. Let n(w) = -8*c(w) - 3*m(w). What is the units digit of n(-6)?
9
Let n be 14/8 + 6/24. Let c = 15 + -18. What is the tens digit of -39*n/(6/c)?
3
Let r = -62 - 9. Let y = 292 + -190. Let x = r + y. What is the tens digit of x?
3
Let d = -1 - -3. Suppose -36 = -5*c + 4*u, -d*c = 3*c - 5*u - 40. What is the tens digit of 23 + 1 + c + -3?
2
Suppose 0*c = -2*c + 4*l + 46, 0 = 4*c + 5*l - 27. Suppose -6*s - c = -31. What is the units digit of s?
3
Suppose -8161 = -14*h + 24669. What is the hundreds digit of h?
3
Let q = 0 + -4. Let o(n) = -3*n - 9. Let u(r) = 1. Let i(s) = o(s) + 9*u(s). What is the tens digit of i(q)?
1
What is the tens digit of 212640/105 - 5/35?
2
Let c(k) = 91*k**2 + 3*k - 1. Let z be c(-1). Suppose -25 = -4*g + z. What is the tens digit of g?
2
Let q(v) = 4*v**3 - 4*v**2 - 15*v - 10. What is the hundreds digit of q(5)?
3
Suppose 4*o + o + 290 = 0. Let v = 313 - o. Suppose v - 81 = 5*s. What is the tens digit of s?
5
Suppose 3*h - 15 = 5*v - 48, -4 = 4*h. Suppose v*o + 58 = 256. What is the units digit of o?
3
Suppose 23128 + 859 = 17*v. What is the hundreds digit of v?
4
Suppose 0 = -3*f - w + 3, 3*w - 5 = -5*f + 4*w. Suppose -q + f = 2. What is the units digit of 2 + q/(5/(-140))?
0
Let g(m) = 3*m - 11. Let u = 26 - 7. Suppose 0 = -2*a + u - 7. What is the units digit of g(a)?
7
Let m(p) = p**3 - 2*p**2 + 4*p + 165. Let g be m(0). Let w = g - -99. What is the hundreds digit of w?
2
Suppose 0 = -50*g + g + 89866. What is the hundreds digit of g?
8
Let c = -17 - -25. Suppose c*u = 3*u + 505. What is the tens digit of u?
0
Suppose -n + 2*z = -630, 9*n - 11*n + z + 1251 = 0. What is the hundreds digit of n?
6
Suppose 3712 = 6*l + 184. What is the tens digit of l?
8
Let v(g) = 48*g - 110. What is the hundreds digit of v(14